6282909?
True
Is 150008300 a multiple of 20?
True
Is 157903414 a multiple of 19?
True
Is 77814820 a multiple of 374?
False
Is 56950151 a multiple of 893?
False
Is 3076 a factor of 74439200?
True
Is 1373 a factor of 99284376?
True
Is 328 a factor of 2327426?
False
Is 118140080 a multiple of 232?
False
Is 147 a factor of 23105460?
True
Is 13 a factor of 1622634949?
True
Is 65389539 a multiple of 4983?
False
Does 508 divide 19814032?
True
Is 97010168 a multiple of 7?
False
Is 20 a factor of 259949023?
False
Is 6475440 a multiple of 7?
False
Is 201 a factor of 30450696?
True
Does 352 divide 85948544?
True
Is 50 a factor of 107170082?
False
Does 1276 divide 40220796?
True
Is 33847630 a multiple of 57?
False
Does 60 divide 950853240?
True
Is 84760247 a multiple of 143?
True
Is 301581888 a multiple of 2139?
True
Does 36 divide 673489786?
False
Is 358 a factor of 990003534?
True
Is 4 a factor of 221252916?
True
Does 17 divide 59639028?
False
Does 4482 divide 249484930?
False
Is 29760489 a multiple of 11?
True
Is 2909 a factor of 216734397?
False
Is 18 a factor of 42572850?
False
Is 7114128 a multiple of 217?
True
Is 293 a factor of 2884320?
False
Does 175 divide 190640138?
False
Is 6843 a factor of 3107606448?
False
Does 260 divide 1236511183?
False
Does 4 divide 9442332?
True
Is 1449 a factor of 115398360?
True
Does 120 divide 3097156107?
False
Is 8 a factor of 18300833?
False
Does 31 divide 282416191?
False
Does 17 divide 19398201?
False
Is 29 a factor of 31354822?
False
Is 19075680 a multiple of 1872?
True
Does 522 divide 295109046?
True
Is 1952204700 a multiple of 3098?
True
Is 892858818 a multiple of 540?
False
Does 3625 divide 334476115?
False
Does 362 divide 246483990?
True
Does 1997 divide 45825159?
True
Is 3378 a factor of 950130060?
True
Is 121 a factor of 76981787?
False
Is 2086488 a multiple of 6?
True
Is 185 a factor of 162396883?
False
Does 21 divide 8748600?
True
Is 78 a factor of 662058751?
False
Does 103 divide 253708982?
True
Is 42939140 a multiple of 116?
True
Does 34 divide 9672046?
False
Does 7 divide 18494770?
True
Is 6 a factor of 9814284?
True
Does 188 divide 48264300?
True
Is 13657 a factor of 6512763817?
True
Is 84 a factor of 174701136?
False
Is 4199780 a multiple of 29?
True
Is 6340 a factor of 823834773?
False
Is 35381195 a multiple of 19?
False
Is 45 a factor of 137377755?
True
Is 139050015 a multiple of 13?
True
Is 28 a factor of 9740249?
False
Does 22 divide 7440630?
False
Is 40 a factor of 39440000?
True
Is 697 a factor of 3667492?
False
Is 27185504 a multiple of 976?
True
Is 176878044 a multiple of 83?
False
Does 6963 divide 830304273?
False
Is 1603769706 a multiple of 154?
True
Is 640375767 a multiple of 319?
False
Is 311043172 a multiple of 115?
False
Does 13 divide 33344563?
False
Is 9300772 a multiple of 26?
True
Is 4198 a factor of 19491314?
True
Is 10 a factor of 103646020?
True
Is 5980758 a multiple of 2198?
True
Is 1109 a factor of 19742418?
True
Is 17636458 a multiple of 62?
True
Is 46 a factor of 1346992673?
False
Does 373 divide 21559949?
False
Does 12 divide 2541817135?
False
Is 29848889 a multiple of 833?
True
Does 57 divide 83309679?
False
Is 109 a factor of 73986824?
False
Does 385 divide 21555380?
True
Does 5 divide 27412?
False
Is 822342125 a multiple of 41?
True
Does 503 divide 2659421863?
True
Does 3415 divide 126030575?
True
Is 538 a factor of 252877216?
True
Is 5553121 a multiple of 55?
False
Is 1617 a factor of 135892680?
True
Is 19 a factor of 17579491?
False
Is 39736444 a multiple of 8?
False
Does 563 divide 3260177612?
True
Is 170980320 a multiple of 15?
True
Is 4 a factor of 7163192?
True
Is 4473684430 a multiple of 13945?
False
Does 2 divide 4373923?
False
Does 596 divide 65957532?
True
Is 5904584 a multiple of 4?
True
Is 61448072 a multiple of 4504?
True
Is 93 a factor of 64581814?
False
Is 836 a factor of 353939828?
True
Is 29 a factor of 632565226?
True
Does 806 divide 53185522?
True
Is 73916010 a multiple of 10?
True
Does 8 divide 217935968?
True
Is 46343850 a multiple of 345?
True
Is 406879613 a multiple of 263?
False
Is 106 a factor of 13573495?
False
Does 3 divide 3185954?
False
Does 903 divide 43211259?
True
Does 11 divide 40688054?
True
Is 43 a factor of 13689437?
True
Does 609 divide 227281830?
False
Does 732 divide 2077932792?
True
Is 261256715 a multiple of 4200?
False
Does 786 divide 128318430?
True
Is 645 a factor of 130272585?
True
Does 3192 divide 161486472?
True
Is 2925572928 a multiple of 64?
True
Is 126 a factor of 97173387?
False
Is 139943916 a multiple of 1998?
True
Is 19 a factor of 113210664?
True
Does 959 divide 30668062?
False
Is 24008159 a multiple of 51?
False
Is 13 a factor of 126776494?
True
Is 51 a factor of 38366892?
True
Is 168 a factor of 48792987?
False
Is 20 a factor of 2472260?
True
Is 54924960 a multiple of 127?
True
Is 57 a factor of 435665193?
True
Does 79 divide 55595539?
True
Is 638 a factor of 112741618?
True
Does 22 divide 416003368?
True
Does 259 divide 18851833?
True
Is 128475387 a multiple of 7569?
False
Is 841487812 a multiple of 11?
True
Is 7 a factor of 84730121?
True
Is 572 a factor of 4622260?
False
Is 51 a factor of 236964568?
False
Is 14 a factor of 2173653076?
True
Is 433 a factor of 357977121?
True
Is 198 a factor of 10548943?
False
Is 6427086 a multiple of 8?
False
Is 54638775 a multiple of 171?
True
Does 70 divide 16776162?
False
Is 6 a factor of 22407492?
True
Is 495 a factor of 110448855?
True
Is 46 a factor of 90012386?
True
Is 373476248 a multiple of 83?
False
Does 19 divide 1694200367?
False
Is 42388990 a multiple of 13?
False
Is 127022448 a multiple of 532?
True
Does 154 divide 23086140?
True
Does 593 divide 123709881?
True
Is 46 a factor of 61569000?
False
Is 42935577 a multiple of 83?
False
Is 586 a factor of 2177671?
False
Does 5586 divide 66652889?
False
Is 38548524 a multiple of 316?
True
Is 1578 a factor of 426795348?
True
Is 18 a factor of 51478848?
True
Does 25 divide 69649686?
False
Is 14 a factor of 4648754992?
True
Does 136 divide 19840224?
True
Is 272264132 a multiple of 367?
False
Is 44 a factor of 1704506698?
False
Is 4878 a factor of 295006806?
True
Does 46 divide 6885010?
False
Is 4370 a factor of 3970802007?
False
Is 9 a factor of 40510154?
False
Is 57 a factor of 20122311?
True
Does 76 divide 921001896?
True
Is 7 a factor of 81950302?
True
Is 27 a factor of 600494887?
False
Does 82 divide 630484636?
False
Does 12 divide 12049668?
True
Does 6 divide 192966121?
False
Is 1624 a factor of 465332840?
True
Does 39 divide 33896537?
False
Is 5524752 a multiple of 2?
True
Is 371951592 a multiple of 777?
False
Does 2194 divide 1148940756?
True
Is 118 a factor of 39617835?
False
Does 7764 divide 761539704?
True
Does 9 divide 586622349?
True
Does 9 divide 26424522?
True
Is 1097491521 a multiple of 777?
True
Is 81949216 a multiple of 52?
False
Is 3609013815 a multiple of 495?
True
Is 1179667641 a multiple of 2539?
True
Is 8 a factor of 34539602?
False
Is 68 a factor of 24869350?
False
Does 19 divide 261209171?
False
Is 1577 a factor of 215350679?
False
Is 66 a factor of 4518492?
True
Is 52 a factor of 56924702?
False
Is 252 a factor of 290826648?
True
Is 84 a factor of 1679628720?
True
Is 64619240 a multiple of 490?
True
Is 407809 a multiple of 18?
False
Does 4 divide 200899510?
False
Is 872 a factor of 3734089967?
False
Does 17 divide 386731386?
False
Does 62 divide 486597968?
False
Does 4 divide 123693732?
True
Does 686 divide 740498584?
True
Is 419 a factor of 121818185?
False
Does 7981 divide 2137016503?
True
Is 14 a factor of 695594195?
False
Does 40 divide 3220305320?
True
Does 339 divide 416993052?
True
Is 5924873 a multiple of 885?
False
Is 946 a factor of 112403013?
False
Is 453 a factor of 41785173?
True
Is 50 a factor of 230212550?
True
Does 9 divide 1609637179?
False
Is 6416619022 a multiple of 38?
False
Is 14460361 a multiple of 35?
False
Is 113 a factor of 65826111?
False
Does 537 divide 4143366568?
False
Does 40 divide 1534868000?
True
Does 71 divide 927970?
True
Does 33 divide 826417119?
True
Is 238 a factor of 7148125?
False
Is 16 a factor of 42612127?
False
Is 831 a factor of 635490630?
True
Is 2452 a factor of 199680858?
False
Does 55 divide 37616422?
False
Is 4070 a factor of 1060725333?
False
Is 113